common divisor of 13621783 and 182.
7
What is the highest common divisor of 353000 and 556328?
2824
What is the greatest common divisor of 5696812 and 3344?
44
What is the highest common factor of 4522600 and 3600?
200
Calculate the greatest common divisor of 75 and 10233510.
15
What is the highest common divisor of 127648 and 21600?
32
Calculate the greatest common divisor of 5067380 and 500.
20
Calculate the greatest common factor of 50 and 166241030.
10
What is the highest common factor of 263752540 and 860?
860
Calculate the highest common divisor of 63756 and 2310462.
1386
What is the highest common factor of 6900 and 336766?
46
What is the greatest common factor of 157673733 and 2107?
301
What is the greatest common factor of 8806194 and 28704?
138
Calculate the greatest common divisor of 536 and 13004700.
268
Calculate the greatest common divisor of 612640 and 994.
14
What is the greatest common factor of 1926180 and 11480?
820
What is the highest common divisor of 8888615 and 7913?
193
Calculate the highest common divisor of 1662267816 and 876.
876
What is the greatest common divisor of 880 and 389660?
20
Calculate the highest common divisor of 36 and 26094252.
12
Calculate the highest common divisor of 870 and 667710.
30
What is the greatest common factor of 5150390 and 3910?
230
Calculate the greatest common divisor of 100 and 775792.
4
What is the highest common divisor of 51408244 and 652?
652
What is the greatest common factor of 479983 and 13039957?
2513
Calculate the highest common factor of 12342 and 545088.
102
Calculate the greatest common factor of 390766 and 64721.
61
Calculate the greatest common divisor of 4489838 and 3582.
398
Calculate the highest common factor of 2096524 and 3144.
524
What is the highest common divisor of 76662288 and 54?
54
What is the highest common divisor of 39914145 and 180?
45
Calculate the highest common factor of 707577 and 6383.
13
What is the greatest common divisor of 7 and 32454926?
7
Calculate the greatest common divisor of 6028380 and 2782.
214
What is the highest common factor of 35192 and 24296?
8
Calculate the highest common divisor of 294 and 472056.
6
Calculate the highest common factor of 649 and 67139699.
649
What is the greatest common factor of 400 and 1373640?
40
Calculate the greatest common factor of 2067 and 1022212113.
2067
What is the greatest common factor of 732473 and 567?
7
What is the greatest common divisor of 142406 and 2431?
11
Calculate the highest common divisor of 11392 and 1216640.
128
What is the greatest common divisor of 1414 and 2387842?
202
What is the greatest common factor of 4607669 and 196944?
4103
Calculate the highest common divisor of 1072 and 50374888.
536
What is the greatest common divisor of 827268 and 7020?
156
Calculate the highest common divisor of 4218 and 1488182106.
4218
Calculate the highest common divisor of 1888 and 5443.
1
Calculate the greatest common factor of 150701 and 43031.
37
What is the highest common divisor of 35938697 and 17?
17
What is the greatest common factor of 656 and 7206944?
16
Calculate the greatest common divisor of 496 and 127289627.
31
What is the highest common factor of 2644677 and 25893?
189
What is the greatest common factor of 377519426 and 62?
62
What is the highest common factor of 5589756 and 596556?
2628
What is the highest common factor of 5 and 115783?
1
What is the highest common divisor of 2328 and 11980536?
24
Calculate the greatest common divisor of 4470 and 20670.
30
What is the greatest common factor of 97357 and 21671?
13
What is the greatest common factor of 64117 and 3906481?
97
What is the highest common factor of 553 and 3323992?
7
Calculate the greatest common factor of 390 and 115766445.
15
Calculate the greatest common divisor of 30513964 and 208.
52
Calculate the greatest common divisor of 463 and 73826276.
463
What is the highest common factor of 82995876 and 108?
36
Calculate the highest common factor of 680924460 and 3060.
1020
Calculate the greatest common factor of 4944824 and 2118.
706
Calculate the greatest common factor of 731153 and 62033.
697
What is the highest common factor of 290975714 and 92?
46
Calculate the greatest common factor of 146 and 13518943.
73
What is the highest common factor of 270 and 5529735?
135
What is the greatest common divisor of 4545592287 and 201?
201
Calculate the highest common divisor of 8 and 46832448.
8
Calculate the greatest common divisor of 1238 and 155554700.
1238
What is the highest common divisor of 110979331 and 1016?
127
What is the highest common factor of 52333036 and 21455?
4291
What is the highest common factor of 43394 and 13598?
26
Calculate the highest common divisor of 12766233 and 171.
57
What is the greatest common factor of 2522 and 9140989?
1261
What is the greatest common factor of 1121408 and 14368?
32
What is the greatest common factor of 32 and 24437392?
16
Calculate the highest common factor of 1004051 and 1909.
83
What is the highest common factor of 525157139 and 4017?
1339
What is the greatest common factor of 5714929 and 165?
11
What is the greatest common factor of 7371 and 164382855?
273
What is the highest common divisor of 96754 and 3493?
7
What is the highest common factor of 42898 and 9412373?
89
Calculate the highest common divisor of 2704910 and 1430.
130
What is the greatest common factor of 10923 and 3401025?
993
What is the highest common factor of 40 and 169086440?
40
Calculate the highest common factor of 560563 and 12513.
97
Calculate the highest common divisor of 27459 and 82813293.
3051
Calculate the greatest common factor of 6480 and 21650.
10
What is the highest common factor of 526869915 and 2145?
2145
Calculate the greatest common factor of 1043504 and 896.
112
What is the highest common factor of 21074 and 1937266?
514
Calculate the highest common divisor of 708 and 481284948.
708
Calculate the greatest common factor of 396822 and 22.
2
What is the greatest common factor of 4098 and 493728406?
1366
Calculate the greatest common factor of 36890 and 9396720.
310
What is the greatest common factor of 961632 and 1362096?
1296
What is the greatest common divisor of 34655395 and 173555?
1685
Calculate the highest common factor of 15295570 and 3568.
446
Calculate the greatest common divisor of 27 and 864489915.
27
What is the highest common divisor of 9712 and 463456?
16
What is the greatest common factor of 24028488 and 4752?
2376
What is the highest common factor of 352272 and 446736?
1968
Calculate the highest common factor of 403926922 and 746.
746
What is the greatest common divisor of 124 and 6588802?
62
Calculate the greatest common factor of 959688 and 360.
72
What is the highest common divisor of 132720 and 44520?
840
What is the greatest common factor of 2916 and 38258001?
81
Calculate the highest common divisor of 1 and 48832133.
1
What is the highest common factor of 100216 and 6152?
8
What is the greatest common divisor of 467027425 and 21469?
3067
What is the highest common divisor of 8768 and 184768?
64
What is the highest common divisor of 322 and 79646?
14
Calculate the highest common divisor of 4375 and 7204375.
625
Calculate the highest common factor of 2295 and 9301788.
153
Calculate the highest common divisor of 695639484 and 5436.
5436
Calculate the highest common divisor of 1277376 and 1200.
48
Calculate the highest common factor of 68 and 4039708.
4
What is the greatest common factor of 5509 and 84917?
7
Calculate the highest common divisor of 11969029 and 908.
227
What is the greatest common factor of 16512 and 7267?
43
What is the highest common factor of 1786 and 828281?
47
What is the greatest common factor of 1054 and 27415594?
1054
Calculate the highest common divisor of 20085 and 18091435.
515
Calculate the greatest common factor of 4210075 and 4350.
725
What is the highest common divisor of 22 and 69606636?
22
What is the greatest common factor of 2751 and 32358?
3
What is the highest common divisor of 751002 and 12?
6
Calculate the highest common divisor of 12 and 286332548.
4
Calculate the highest common factor of 162164 and 9301.
71
Calculate the greatest common factor of 1803 and 2563494.
3
What is the highest common factor of 1590497 and 1380363?
3623
Calculate th